83150259.
3, 61, 113, 4021
List the prime factors of 211151682.
2, 3, 7, 53, 4517
What are the prime factors of 466703938?
2, 457, 510617
What are the prime factors of 63398886?
2, 3, 61, 83, 2087
List the prime factors of 2532020952.
2, 3, 1279, 82487
What are the prime factors of 202558910?
2, 5, 17, 29, 181, 227
What are the prime factors of 105352009?
7, 17, 126473
List the prime factors of 43171657.
59, 199, 3677
What are the prime factors of 749884016?
2, 7, 6695393
What are the prime factors of 700666739?
6373, 109943
List the prime factors of 62797065.
3, 5, 17, 89, 2767
List the prime factors of 504769.
653, 773
What are the prime factors of 12955063?
11, 1177733
List the prime factors of 672095929.
2663, 252383
List the prime factors of 763909460.
2, 5, 79, 101, 4787
List the prime factors of 3610560537.
3, 61, 6576613
List the prime factors of 1824547086.
2, 3, 19, 1093, 1627
List the prime factors of 316573294.
2, 47, 3367801
What are the prime factors of 2421904244?
2, 605476061
List the prime factors of 35632538.
2, 2749, 6481
What are the prime factors of 51747287?
51747287
What are the prime factors of 57513223?
2851, 20173
What are the prime factors of 1776365266?
2, 13, 68321741
What are the prime factors of 54088694?
2, 11, 223507
What are the prime factors of 3668021890?
2, 5, 13, 211, 133723
What are the prime factors of 1117673700?
2, 3, 5, 11, 13, 26053
What are the prime factors of 6138700411?
7193, 853427
List the prime factors of 2345117289.
3, 10831, 72173
List the prime factors of 146092861.
149, 980489
What are the prime factors of 98182771?
98182771
List the prime factors of 7700972067.
3, 41, 181, 115303
List the prime factors of 379786559.
113, 3360943
What are the prime factors of 47313295?
5, 17, 556627
List the prime factors of 1048848855.
3, 5, 69923257
List the prime factors of 2084020.
2, 5, 79, 1319
List the prime factors of 629782076.
2, 7, 11, 557, 3671
What are the prime factors of 36025828?
2, 9006457
List the prime factors of 3898085284.
2, 974521321
What are the prime factors of 1597286456?
2, 151, 1322257
What are the prime factors of 44220030?
2, 3, 5, 19, 23, 3373
What are the prime factors of 69076487?
191, 503, 719
What are the prime factors of 1408276962?
2, 3, 26079203
List the prime factors of 492265669.
7, 61, 79, 14593
List the prime factors of 1462114508.
2, 23, 941, 16889
What are the prime factors of 1204463687?
7, 172066241
List the prime factors of 810502945.
5, 7, 37, 625871
What are the prime factors of 59401735?
5, 31, 157, 2441
List the prime factors of 1498388992.
2, 109, 26849
What are the prime factors of 6651582558?
2, 3, 1108597093
What are the prime factors of 245459164?
2, 1217, 50423
List the prime factors of 107109317.
7, 173, 241, 367
What are the prime factors of 63324782?
2, 67, 472573
List the prime factors of 19884286.
2, 9942143
List the prime factors of 34835446.
2, 17417723
List the prime factors of 1133933499.
3, 4666393
What are the prime factors of 126730028?
2, 191, 165877
List the prime factors of 65530117.
107, 257, 2383
What are the prime factors of 984868?
2, 246217
List the prime factors of 1143958568.
2, 47, 569, 5347
What are the prime factors of 1273367203?
1273367203
What are the prime factors of 52952395?
5, 10590479
What are the prime factors of 2698370493?
3, 7, 13, 2251, 4391
What are the prime factors of 40939824?
2, 3, 852913
List the prime factors of 126479824.
2, 373, 21193
What are the prime factors of 3891623198?
2, 1945811599
What are the prime factors of 922244937?
3, 4679, 65701
List the prime factors of 303492467.
743, 408469
List the prime factors of 220391580.
2, 3, 5, 3673193
What are the prime factors of 639867236?
2, 159966809
What are the prime factors of 7615619321?
18061, 421661
What are the prime factors of 29115426?
2, 3, 109, 44519
What are the prime factors of 157911418?
2, 7, 41, 39301
List the prime factors of 1234866117.
3, 411622039
List the prime factors of 4134330475.
5, 11, 67, 457, 491
List the prime factors of 109718348.
2, 127, 215981
What are the prime factors of 142318156?
2, 35579539
What are the prime factors of 89113408?
2, 23, 60539
What are the prime factors of 33073340?
2, 5, 29, 127, 449
What are the prime factors of 340586902?
2, 73, 2332787
List the prime factors of 1046372927.
1046372927
What are the prime factors of 1283849427?
3, 7, 61135687
What are the prime factors of 1820007410?
2, 5, 13, 1201, 11657
What are the prime factors of 4517534392?
2, 7, 19, 29, 146407
List the prime factors of 169840942.
2, 41, 881, 2351
List the prime factors of 1003141245.
3, 5, 31, 2157293
What are the prime factors of 364285349?
18217, 19997
List the prime factors of 143537357.
143537357
What are the prime factors of 5096791395?
3, 5, 9433, 12007
List the prime factors of 255998636.
2, 239, 267781
What are the prime factors of 2246616666?
2, 3, 7, 17830291
List the prime factors of 239131116.
2, 3, 7, 105437
What are the prime factors of 18529139?
47, 263, 1499
What are the prime factors of 101649431?
13, 7819187
What are the prime factors of 26934562?
2, 17, 29, 59, 463
List the prime factors of 1137632443.
89, 2351, 5437
List the prime factors of 160485998.
2, 61, 167, 7877
List the prime factors of 5750551150.
2, 5, 31, 101, 109, 337
What are the prime factors of 6429564304?
2, 401847769
List the prime factors of 180909968.
2, 11306873
What are the prime factors of 5192132737?
11, 472012067
List the prime factors of 599312450.
2, 5, 11, 113, 9643
List the prime factors of 37329316.
2, 61, 152989
What are the prime factors of 1432904256?
2, 3, 7, 5641
What are the prime factors of 1359498603?
3, 2141, 211661
What are the prime factors of 3788327306?
2, 229, 8271457
List the prime factors of 4037318395.
5, 11, 1217, 60317
What are the prime factors of 101796?
2, 3, 17, 499
List the prime factors of 812487234.
2, 3, 13, 19, 173, 3169
List the prime factors of 71536059.
3, 7, 37, 30689
List the prime factors of 162727253.
13, 12517481
List the prime factors of 137009773.
137009773
List the prime factors of 248244393.
3, 4603, 17977
List the prime factors of 1004794.
2, 7, 10253
List the prime factors of 101193550.
2, 5, 1217, 1663
List the prime factors of 41182255.
5, 8236451
What are the prime factors of 729725748?
2, 3, 17, 103, 34729
List the prime factors of 367548014.
2, 183774007
What are the prime factors of 331363501?
7, 47337643
What are the prime factors of 342536860?
2, 5, 109, 157127
What are the prime factors of 1864299477?
3, 23, 73, 370121
What are the prime factors of 52744800?
2, 3, 5, 21977
List the prime factors of 319809029.
319809029
List the prime factors of 33080715.
3, 5, 47, 15641
What are the prime factors of 34320975?
3, 5, 13, 35201
List the prime factors of 121179370.
2, 5, 13, 932149
List the prime factors of 328230973.
7, 46890139
List the prime factors of 839057235.
3, 5, 55937149
What are the prime factors of 881488362?
2, 3, 1201, 122327
List the prime factors of 68834272.
2, 13, 337, 491
What are the prime factors of 208184066?
2, 104092033
List the prime factors of 893437515.
3, 5, 31, 640457
What are the prime factors of 66890244?
2, 3, 5574187
List the prime factors of 15179682.
2, 3, 7, 361421
List the prime factors of 3253762190.
2, 5, 7, 6640331
What are the prime factors of 687526736?
2, 13, 3305417
List the prime factors of 81898835.
5, 19, 811, 1063
What are the prime factors of 1424186247?
3, 11, 151, 311, 919
What are the prime factors of 2421481505?
5, 19, 67, 20023
What are the prime factors of 53959083?
3, 17986361
List the prime factors of 12903970.
2, 5, 257, 5021
List the prime factors of 857366412.
2, 3, 7, 19, 537197
List the prime factors of 28647284.
2, 83, 86287
What are the prime factors of 28259936?
2, 149, 5927
What are the prime factors of 187554713?
187554713
List the prime factors of 163642149.
3, 11, 31, 71, 751
List the prime factors of 3545237818.
2, 113, 15686893
List the prime factors of 3832297280.
2, 5, 7, 47, 89, 409
List the prime factors of 100729299.
3, 11, 3052403
List the prime factors of 94239072.
2, 3, 109073
List the prime factors of 36849782.
2, 18424891
List the prime factors of 2823305293.
103, 27410731
What are the prime factors o